18
Let v be 8/6*3 + 26. Calculate the highest common factor of 120 and v.
30
Let a(k) = -k**2 + 8*k - 7. Let t be a(7). Let s be 3 - (-27 - (3 - t)). What is the highest common divisor of s and 22?
11
Suppose -2*u - 3*s = -21, -3*u + 5*s = -4*u + 7. What is the highest common divisor of 60 and u?
12
Suppose -p = -j - 8, -p + 2*j = 2*p - 28. Suppose -b = -4*b + p. Suppose 0*i = -b*i + 68. Calculate the highest common factor of 17 and i.
17
Let l(i) = -i**2 + i + 8. Let q be l(0). Suppose 0 = y - 3*y - q. Let d be (-66)/(-12) + (-2)/y. Calculate the highest common factor of 4 and d.
2
Suppose -3*f - 2*p + 16 = -0*f, -4*p = 2*f - 8. Suppose 0 = m + 10 - 40. Suppose -l + m + 12 = 0. Calculate the greatest common factor of l and f.
6
Let s = -42 + 46. What is the greatest common factor of 36 and s?
4
Let c = -2 - -10. Calculate the greatest common factor of 20 and c.
4
Suppose 4*k - 28 = -4*u, -3*u + 24 + 9 = 5*k. Let m be 8/12 - (-20)/k. Suppose 23 = m*q - 117. What is the greatest common divisor of q and 5?
5
Let i be 1 - (-2)/6*3. Calculate the highest common factor of i and 9.
1
Let y = 12 + -1. Let o = -7 + y. Calculate the greatest common factor of 36 and o.
4
Let j be (-4)/3 + 1/((-3)/(-193)). Calculate the greatest common divisor of 7 and j.
7
Suppose -131 = -3*c - 5*l, 3*c - 7*c + 203 = l. Calculate the greatest common factor of 78 and c.
26
Let m be ((-8)/(-6))/(4/6). What is the highest common factor of m and 16?
2
Suppose -5*z - 6 = -1. Let f = 5 - z. What is the highest common divisor of 24 and f?
6
Let q = 15 - 7. Let b = 14 - -58. Calculate the highest common divisor of q and b.
8
Let h = 9 - 3. Calculate the highest common factor of h and 24.
6
Let j = -68 + 33. Let d = -25 - j. What is the greatest common divisor of d and 70?
10
Let g(r) = -96*r**2 + 5*r + 3. Let n(h) = -48*h**2 + 2*h + 1. Let x(y) = 2*g(y) - 5*n(y). Let b be x(-1). What is the greatest common divisor of b and 7?
7
Suppose -3*j + 3 + 0 = 0. Let p be 1/((-1)/(-2)) - j. Calculate the highest common factor of p and 8.
1
Suppose 2*j + j = 48. What is the greatest common divisor of 8 and j?
8
Suppose 0 = a + 4*u - 6, 3*a + 3*u = a + 17. What is the highest common divisor of 20 and a?
10
Let f be ((-82)/(-8) - -1)*4. Suppose 0 = b - 8 - 10. Calculate the greatest common factor of b and f.
9
Let h = -2 + 1. Let d be 17 - 3*h/3. Calculate the highest common divisor of d and 18.
18
Suppose 0*h - h - 1 = 0, -y - 3*h + 10 = 0. What is the highest common factor of y and 143?
13
Suppose 4*y = -4*k + 8, 0*k - 3*k - 4*y = -5. Suppose 5*o - 4 = k*o. Calculate the highest common divisor of o and 14.
2
Let g be 0*3/(-9) - 0. Suppose -2*q + 3*m + 33 = g, -3*m = q + 2*q - 42. Calculate the highest common factor of 5 and q.
5
Suppose -260 = 4*u + 2*o, 44 = -4*u - o - 214. Let n be 9*(-3)/(18/u). What is the greatest common divisor of 16 and n?
16
Let v = 78 - 45. Calculate the highest common divisor of 22 and v.
11
Let m be (-15)/(-5) + (123 - 1). Let w = m - 37. Calculate the highest common divisor of 11 and w.
11
Let g = -1 - -2. Suppose 4*l = g + 39. Let b be -1 + 5*(-1 - -2). What is the greatest common factor of b and l?
2
Suppose 16*n = 18*n - 2. What is the highest common factor of n and 1?
1
Let b be 10/4*4/2. Calculate the greatest common divisor of 5 and b.
5
Let x(n) = 5*n - 4*n**2 - n**2 - 4 + 2 - n**3. Let z be x(-6). Let d be z*(129/12 + -1). Calculate the greatest common factor of 13 and d.
13
Let l(r) = 3*r - 21. Let x be l(11). Let o be (-2)/(-1 + 1/3). What is the greatest common factor of x and o?
3
Let y(h) = -h**2 + h + 7. Suppose 0 = -b + 3*b. Let o be y(b). Let x be 6/27 + 122/18. Calculate the highest common divisor of x and o.
7
Let l(d) = -168*d**3 - 3*d - 2. Let g be l(-1). What is the greatest common factor of 13 and g?
13
Let r be 3*-1*1/(-1). Suppose r*u + 3 = 0, -4*u = -3*n + 49 - 0. What is the greatest common divisor of 75 and n?
15
Suppose 0*h - 44 = -4*h. Let p = 49 + h. Suppose -5*f = 5*q - p, -5*f = -2*q - 53 - 35. Calculate the greatest common divisor of 16 and f.
16
Suppose 4*t - 6*t + 6 = 0. Let o be 2*t/(-4)*-2. Suppose 3*i + 117 = 3*y, -o*y + 3*i + 82 = -y. Calculate the greatest common factor of y and 7.
7
Suppose -r = 20 - 33. What is the highest common factor of 104 and r?
13
Let l(m) = -m**3 + 5*m**2 + 8*m - 8. Let b be l(6). Let g(d) = d**2 - 3*d. Let t be g(b). What is the highest common divisor of t and 12?
4
Suppose 0 = 3*f + 3*t, 0*t = 3*f + 5*t + 4. What is the greatest common factor of 16 and f?
2
Suppose 3*a = -0*a + 147. Let b be 1*((0 - -2) + 2). Suppose 21 = b*x - x. What is the greatest common divisor of x and a?
7
Let r = 9 + 22. Suppose -r - 77 = -j. Calculate the highest common divisor of j and 27.
27
Suppose 0*a + 4*a = -3*r + 6, 2*a = 3*r - 6. Calculate the greatest common divisor of 30 and r.
2
Let g(f) = -8*f - 12. Let u be g(-4). What is the highest common factor of 10 and u?
10
Let p(c) = -4*c - 1. Let b be p(-6). Suppose 3*k - 16 - b = 0. Suppose -3*w = -2*w - 117. Calculate the highest common factor of k and w.
13
Let r be (-4 - (-3)/6)*-6. What is the highest common factor of r and 14?
7
Let h = 457 + -270. Calculate the highest common divisor of 17 and h.
17
Suppose w = 2*t - 4, -8*w = -3*t - 3*w + 20. Suppose 3*z - 35 - 16 = t. What is the greatest common factor of 68 and z?
17
Suppose -l - 33 = -v - 82, -3*l + 2*v = -143. Let j = l + -31. What is the highest common factor of 56 and j?
14
Suppose -8*y + 9*y - 185 = 0. Calculate the highest common divisor of 37 and y.
37
Let u be (2 + -21)*(1 + -4). Let y(a) = a**3 - 9*a**2 + 12*a - 13. Let x be y(8). What is the highest common divisor of u and x?
19
Let t(b) = -8*b - 24. Let o be t(-13). Let y be 2/5 + (-158)/(-5). What is the highest common divisor of y and o?
16
Suppose 11*w = 8*w - 72. Let l be (-495)/(-8) - 3/w. Calculate the highest common divisor of 93 and l.
31
Let g(n) = -3*n - 17. Let w be g(-10). Calculate the highest common divisor of 52 and w.
13
Let p(z) = -z**2 - 6*z + 10. Let y be p(-7). Suppose -y*j - 148 = -2*x - 2*x, 3*j = -5*x + 158. Calculate the highest common divisor of x and 85.
17
Let j(g) = 6*g**2 + 3*g + 22. Let c be j(5). What is the highest common divisor of c and 17?
17
Suppose -7*v - 10*v = -221. What is the greatest common divisor of v and 1?
1
Suppose q - 5*a = 14, -a = 5*q - 0*a - 122. Suppose 4*k - 3*k - m - 24 = 0, -5*m - 20 = -k. Suppose -7 = -4*y + k. What is the highest common factor of y and q?
8
Let l = 25 - -20. Suppose -4*n + l = 5. Let m be 8/(-20) - (-54)/n. Calculate the greatest common factor of 35 and m.
5
Let r be ((-27)/(-20) - (-8)/32)*25. What is the highest common factor of 8 and r?
8
Let y be (3*-1 - (9 - 10)) + 26. Calculate the highest common divisor of 8 and y.
8
Let a be 2/(0 - -1) - 2. Suppose -2*q = -t - t + 32, a = -5*t - 2*q + 59. What is the highest common divisor of 26 and t?
13
Suppose 341 + 163 = -3*y + 3*n, -3*y - 496 = -5*n. Let p(c) = 3*c**2 - c - 6. Let f be p(-10). Let d = y + f. Calculate the greatest common divisor of 12 and d.
12
Suppose 2*z = -2*j + 6*j - 20, -5*j = -2*z - 25. Let a be (-1 - z)*1 - -3. Let m = 2 + -1. What is the greatest common divisor of a and m?
1
Let d(i) = i**2 - 4*i. Let o be d(5). Suppose 0*k = -o*k + b + 80, 3*k - 36 = 3*b. Calculate the greatest common divisor of k and 34.
17
Let o be (-1 - 1)/((-3)/456). Let d = o + -216. Calculate the highest common divisor of d and 8.
8
Suppose -p + 6*p = 80. Calculate the greatest common factor of 16 and p.
16
Suppose 0 = -0*q + 3*q - 81. Let y be 0 + 2 + 1 + 2. Suppose y*o = 2*o + 54. What is the highest common divisor of q and o?
9
Let a = -137 + 149. Suppose 27 = 2*r - n, -15 = -r - 3*n + 4*n. Suppose o = -4 + r. Calculate the highest common divisor of a and o.
4
Let f be 2 - (-21 - (-6)/3). Let c = 39 - f. What is the greatest common factor of 6 and c?
6
Let l be (-8)/12 + (-2)/(-3). Let k = 6 + l. Suppose p = -2*p + k. What is the greatest common divisor of p and 22?
2
Let u be ((-4)/1 - -99) + 1. Calculate the highest common factor of u and 12.
12
Suppose 2*c - b - 24 = 0, -c + 5*c - 4*b - 56 = 0. Let i be (-294)/(-15) - (-4)/10. Calculate the highest common factor of i and c.
10
Let i = 37 - 31. Calculate the highest 